number?
True
Is 3681215 composite?
True
Is 140174563 a prime number?
False
Is 1015282 a composite number?
True
Is 9862889 a prime number?
False
Is 670498849 composite?
True
Is 5728651 prime?
True
Is 7445159 a prime number?
True
Is 96043 a prime number?
True
Is 549002635 composite?
True
Is 2273143 prime?
True
Is 293068649 prime?
True
Is 55095433 composite?
True
Is 3778213 composite?
False
Is 1215626 prime?
False
Is 3016997 composite?
False
Is 1798889 a prime number?
False
Is 4277279 prime?
True
Is 402313783 prime?
True
Is 24344999 composite?
True
Is 9198727 a composite number?
False
Is 2116426449 a composite number?
True
Is 21095211 prime?
False
Is 4748279 a composite number?
False
Is 345786631 composite?
False
Is 4433657 prime?
True
Is 1430167 a prime number?
True
Is 72583 composite?
True
Is 2079951 prime?
False
Is 295975213 prime?
True
Is 28008331 prime?
False
Is 15599877 composite?
True
Is 88848667 prime?
True
Is 2051477 a composite number?
False
Is 4353577 prime?
True
Is 4812137 prime?
False
Is 10277227 composite?
False
Is 41084189 composite?
True
Is 83399798 a composite number?
True
Is 201221 a composite number?
True
Is 1130737 composite?
False
Is 737146001 prime?
True
Is 262387 a prime number?
True
Is 24891563 composite?
False
Is 60371121 prime?
False
Is 56019279 composite?
True
Is 1575047 a prime number?
False
Is 7560479 a composite number?
True
Is 473395607 prime?
True
Is 1030261 prime?
False
Is 46377257 composite?
False
Is 11426681 a prime number?
False
Is 2301683 prime?
True
Is 45423527 prime?
True
Is 100931959 prime?
True
Is 10738283 a prime number?
False
Is 38405 prime?
False
Is 43450585 a prime number?
False
Is 54856621 prime?
True
Is 4447801 composite?
False
Is 41291947 a prime number?
True
Is 113880743 a prime number?
True
Is 29178377 a composite number?
True
Is 6604783 a composite number?
False
Is 2374963 a prime number?
True
Is 2220033 a composite number?
True
Is 14990561 prime?
False
Is 77899637 prime?
False
Is 145219517 prime?
False
Is 728201 a composite number?
True
Is 11450683 composite?
True
Is 184213 a composite number?
True
Is 561983 a prime number?
True
Is 69445001 composite?
True
Is 1663859 composite?
True
Is 14234449 composite?
False
Is 35826103 prime?
False
Is 4202957 composite?
True
Is 117464619 prime?
False
Is 155445743 a composite number?
True
Is 800428661 composite?
False
Is 70430033 prime?
True
Is 18230543 composite?
False
Is 58216043 a prime number?
True
Is 2809597 a prime number?
False
Is 1116871 prime?
False
Is 1852663 a prime number?
True
Is 12398951 prime?
False
Is 2124677 composite?
True
Is 74387881 composite?
False
Is 3506699 prime?
False
Is 38594057 a composite number?
True
Is 5846227 prime?
False
Is 20417983 a prime number?
False
Is 1843349 prime?
True
Is 12733241 composite?
True
Is 12790451 a prime number?
True
Is 2193743 prime?
False
Is 6840721 a composite number?
False
Is 3191557 composite?
False
Is 55410439 a composite number?
True
Is 1744139 a prime number?
True
Is 106634501 a prime number?
False
Is 3137837 composite?
False
Is 25932193 prime?
False
Is 39283199 composite?
False
Is 84915463 a composite number?
False
Is 16889017 prime?
False
Is 137929969 composite?
True
Is 225713161 a composite number?
False
Is 501603593 a composite number?
False
Is 5220357 a composite number?
True
Is 18264417 a composite number?
True
Is 139716167 a composite number?
False
Is 12192897 a prime number?
False
Is 5846537 a composite number?
False
Is 24272317 composite?
False
Is 19398191 prime?
True
Is 33262891 a composite number?
False
Is 16211423 a prime number?
False
Is 22894735 composite?
True
Is 13155061 a composite number?
True
Is 1643123 a prime number?
True
Is 390556649 a prime number?
False
Is 14198243 a composite number?
False
Is 8125499 composite?
False
Is 69800111 a composite number?
False
Is 12125405 composite?
True
Is 1755803 a composite number?
True
Is 456121 a composite number?
True
Is 47785091 prime?
True
Is 23069929 a prime number?
True
Is 431245509 a composite number?
True
Is 36870217 prime?
True
Is 23238571 prime?
False
Is 24808703 composite?
False
Is 309997 a prime number?
False
Is 856633 a prime number?
False
Is 222738107 prime?
False
Is 12506629 composite?
True
Is 94775937 prime?
False
Is 2990069 prime?
False
Is 4439489 composite?
True
Is 739699 a composite number?
False
Is 10383211 composite?
False
Is 4728983 a prime number?
False
Is 498952837 a composite number?
False
Is 23588389 prime?
False
Is 1096247 a composite number?
True
Is 2205761 a prime number?
True
Is 64600507 prime?
True
Is 11198687 a prime number?
True
Is 74840609 prime?
True
Is 6872477 a prime number?
True
Is 26547259 composite?
True
Is 827073019 composite?
False
Is 6410433 a prime number?
False
Is 329843 prime?
False
Is 906108623 a composite number?
True
Is 5357309 prime?
True
Is 17145987 composite?
True
Is 7668197 prime?
True
Is 1703087 prime?
False
Is 528709147 a composite number?
True
Is 23084713 a composite number?
False
Is 3160541 composite?
False
Is 153263159 a prime number?
False
Is 4079209 prime?
False
Is 4371277 prime?
True
Is 13654259 a prime number?
True
Is 6185477 prime?
True
Is 82653487 composite?
True
Is 5054199 composite?
True
Is 414768801 prime?
False
Is 1972762129 prime?
False
Is 638489 a composite number?
False
Is 222216301 a composite number?
False
Is 62619757 a prime number?
True
Is 1963393 composite?
True
Is 16232299 a prime number?
True
Is 679843 a composite number?
False
Is 28770869 prime?
True
Is 280474489 composite?
True
Is 10090219 a prime number?
True
Is 4024837 composite?
True
Is 81142571 composite?
False
Is 38696209 a prime number?
True
Is 58392703 prime?
False
Is 1123181 a prime number?
True
Is 23831903 prime?
True
Is 22159351 a composite number?
False
Is 2329849 a composite number?
False
Is 653597 prime?
False
Is 9358306 a prime number?
False
Is 7042037 prime?
False
Is 241939991 composite?
False
Is 4941643 prime?
False
Is 4595723 a composite number?
True
Is 118612061 composite?
False
Is 21626471 a composite number?
True
Is 493871621 a composite number?
False
Is 498727579 a prime number?
False
Is 5005859 prime?
True
Is 8259379 a composite number?
False
Is 60870133 a composite number?
False
Is 14934223 a composite number?
True
Is 37834019 prime?
True
Is 1841429 composite?
False
Is 6348767 prime?
False
Is 434298157 composite?
False
Is 573697 a composite number?
True
Is 17647 composite?
True
Is 98152189 a prime number?
False
Is 19204927 a composite number?
True
Is 5221543 a prime number?
True
Is 725960549 a composite number?
False
Is 8238823 a prime number?
True
Is 1940123 prime?
True
Is 183109711 a composite number?
False
Is 1160557 a prime number?
False
Is 158810297 prime?
True
Is 266336701 a composite number?
True
Is 7491401 composite?
False
Is 52867349 a prime number?
True
Is 636401 composite?
True
Is 7077667 a prime number?
True
Is 159022849 a composite number?
False
Is 1100381169 a prime number?
False
Is 3533515 prime?
False
Is 30523327 prime?
True
Is 31269517 a composite number?
False
Is 3989179 composite?
True
Is 133832003 prime?
True
Is 159812381 a composite number?
True
Is 533687771 a composite number?
True
Is 6565487 prime?
True
Is 957197926 prime?
False
Is 10002731 a prime number?
True
Is 6969649 a prime number?
False
Is 109283261 a composite number?
False
Is 13742131 a prime number?
False
Is 219073623 a prime number?
False
Is 7075807 composite?
False
Is 1144249 composite?
False
Is 61521513 a prime number?
False
Is 273397 prime?
False
Is 25679441 prime?
True
Is 43816121 prime?
True
Is 9628969 a composite number?
True
Is 65576603 a prime number?
False
Is 1692511 a prime number?
True
Is 1185917 composite?
True
Is 700603223 composite?
False
Is 71351507 a composite number?
False
Is 399023 composite?
False
Is 1060513 composite?
False
Is 3488273 a composite number?
False
Is 17827478 composite?
True
Is 6937417 a prime number?
True
Is 198277489 a composite number?
False
Is 1824203 composite?
True
Is 1882234 a prime number?
False
Is 6816761 composite?
True
Is 61891103 composite?
False
Is 48621247 a prime number?
False
Is 1345093 composite?
True
Is 131041997 composite?
True
Is 27798377 a prime number?
True
Is 38059711 composite?
True
Is 93237071 a composite number?
False
Is 21663497 composite?
False
